inder when 8273 is divided by 30?
23
What is the remainder when 82 is divided by 30?
22
What is the remainder when 101 is divided by 8?
5
What is the remainder when 107 is divided by 28?
23
Calculate the remainder when 173 is divided by 168.
5
Calculate the remainder when 236 is divided by 42.
26
What is the remainder when 250 is divided by 16?
10
Calculate the remainder when 111 is divided by 31.
18
Calculate the remainder when 29 is divided by 6.
5
What is the remainder when 402 is divided by 15?
12
Calculate the remainder when 107 is divided by 16.
11
What is the remainder when 81 is divided by 14?
11
Calculate the remainder when 82 is divided by 12.
10
Calculate the remainder when 946 is divided by 287.
85
What is the remainder when 2575 is divided by 136?
127
Calculate the remainder when 79 is divided by 15.
4
What is the remainder when 48 is divided by 14?
6
What is the remainder when 292 is divided by 17?
3
Calculate the remainder when 1871 is divided by 119.
86
What is the remainder when 15135 is divided by 18?
15
Calculate the remainder when 249 is divided by 170.
79
What is the remainder when 889 is divided by 274?
67
What is the remainder when 104 is divided by 23?
12
What is the remainder when 53 is divided by 6?
5
What is the remainder when 582 is divided by 69?
30
Calculate the remainder when 65272 is divided by 22.
20
Calculate the remainder when 10652 is divided by 1775.
2
Calculate the remainder when 1638 is divided by 97.
86
What is the remainder when 125 is divided by 12?
5
What is the remainder when 489 is divided by 483?
6
What is the remainder when 31 is divided by 23?
8
Calculate the remainder when 2848 is divided by 25.
23
Calculate the remainder when 116 is divided by 27.
8
Calculate the remainder when 206 is divided by 51.
2
What is the remainder when 252 is divided by 168?
84
What is the remainder when 327 is divided by 52?
15
Calculate the remainder when 456 is divided by 46.
42
What is the remainder when 411 is divided by 138?
135
What is the remainder when 31278 is divided by 287?
282
What is the remainder when 13 is divided by 8?
5
What is the remainder when 196 is divided by 67?
62
Calculate the remainder when 41578 is divided by 17.
13
Calculate the remainder when 4769 is divided by 10.
9
Calculate the remainder when 195 is divided by 8.
3
Calculate the remainder when 588 is divided by 197.
194
What is the remainder when 488 is divided by 242?
4
Calculate the remainder when 177 is divided by 76.
25
Calculate the remainder when 409 is divided by 42.
31
Calculate the remainder when 558 is divided by 63.
54
What is the remainder when 167 is divided by 25?
17
What is the remainder when 1237 is divided by 251?
233
Calculate the remainder when 1874 is divided by 38.
12
Calculate the remainder when 4800 is divided by 86.
70
Calculate the remainder when 379 is divided by 19.
18
Calculate the remainder when 86 is divided by 52.
34
Calculate the remainder when 85 is divided by 19.
9
Calculate the remainder when 635 is divided by 49.
47
What is the remainder when 225 is divided by 10?
5
What is the remainder when 7612 is divided by 13?
7
Calculate the remainder when 2634 is divided by 142.
78
Calculate the remainder when 455 is divided by 228.
227
What is the remainder when 18746 is divided by 19?
12
What is the remainder when 40 is divided by 14?
12
Calculate the remainder when 110 is divided by 35.
5
Calculate the remainder when 625 is divided by 33.
31
What is the remainder when 398 is divided by 16?
14
What is the remainder when 12088 is divided by 13?
11
What is the remainder when 37 is divided by 32?
5
Calculate the remainder when 7 is divided by 2.
1
Calculate the remainder when 293 is divided by 33.
29
What is the remainder when 186 is divided by 51?
33
Calculate the remainder when 64 is divided by 21.
1
Calculate the remainder when 357 is divided by 25.
7
What is the remainder when 277 is divided by 80?
37
What is the remainder when 89 is divided by 31?
27
Calculate the remainder when 527 is divided by 59.
55
What is the remainder when 4652 is divided by 10?
2
What is the remainder when 116 is divided by 3?
2
What is the remainder when 556 is divided by 100?
56
What is the remainder when 149 is divided by 35?
9
What is the remainder when 137 is divided by 23?
22
What is the remainder when 261 is divided by 33?
30
What is the remainder when 304 is divided by 119?
66
What is the remainder when 547 is divided by 24?
19
Calculate the remainder when 3687 is divided by 25.
12
What is the remainder when 460 is divided by 102?
52
Calculate the remainder when 380 is divided by 123.
11
What is the remainder when 662 is divided by 17?
16
Calculate the remainder when 263 is divided by 61.
19
Calculate the remainder when 205 is divided by 16.
13
What is the remainder when 20 is divided by 1?
0
Calculate the remainder when 342 is divided by 7.
6
What is the remainder when 2795 is divided by 175?
170
Calculate the remainder when 210 is divided by 31.
24
What is the remainder when 145 is divided by 39?
28
Calculate the remainder when 1629 is divided by 34.
31
What is the remainder when 627 is divided by 21?
18
What is the remainder when 6058 is divided by 276?
262
What is the remainder when 2703 is divided by 245?
8
Calculate the remainder when 331 is divided by 19.
8
Calculate the remainder when 943 is divided by 28.
19
What is the remainder when 192 is divided by 8?
0
Calculate the remainder when 99 is divided by 28.
15
Calculate the remainder when 151 is divided by 51.
49
What is the remainder when 5323 is divided by 18?
13
What is the remainder when 1310 is divided by 82?
80
What is the remainder when 104 is divided by 56?
48
What is the remainder when 591 is divided by 44?
19
What is the remainder when 55 is divided by 33?
22
What is the remainder when 58 is divided by 8?
2
What is the remainder when 355 is divided by 51?
49
What is the remainder when 204 is divided by 34?
0
What is the remainder when 157 is divided by 51?
4
Calculate the remainder when 60 is divided by 16.
12
What is the remainder when 100 is divided by 35?
30
Calculate the remainder when 1229 is divided by 41.
40
What is the remainder when 1215 is divided by 38?
37
Calculate the remainder when 502 is divided by 46.
42
What is the remainder when 9874 is divided by 17?
14
Calculate the remainder when 218 is divided by 45.
38
What is the remainder when 2634 is divided by 63?
51
Calculate the remainder when 151 is divided by 51.
49
What is the remainder when 2138 is divided by 42?
38
Calculate the remainder when 5249 is divided by 24.
17
What is the remainder when 172 is divided by 79?
14
What is the remainder when 800 is divided by 222?
134
Calculate the remainder when 6208 is divided by 24.
16
Calculate the remainder when 584 is divided by 39.
38
Calculate the remainder when 534 is divided by 8.
6
Calculate the remainder when 574 is divided by 108.
34
What is the remainder when 595 is divided by 65?
10
Calculate the remainder when 21837 is divided by 52.
49
Calculate the remainder when 12463 is divided by 82.
81
What is the remainder when 113 is divided by 12?
5
What is the remainder when 1306 is divided by 49?
32
Calculate the remainder when 781 is divided by 34.
33
What is the remainder when 22 is divided by 5?
2
What is the remainder when 332 is divided by 28?
24
Calculate the remainder when 68 is divided by 14.
12
Calculate the remainder when 21724 is divided by 79.
78
Calculate the remainder when 26 is divided by 15.
11
Calculate the remainder when 100 is divided by 17.
15
What is the remainder when 523 is divided by 53?
46
Calculate the remainder when 1151 is divided by 371.
38
Calculate the remainder when 112 is divided by 19.
17
Calculate the remainder when 502 is divided by 117.
34
What is the remainder when 538 is divided by 27?
25
Calculate the remainder when 310 is divided by 53.
45
Calculate the remainder when 12835 is divided by 40.
35
What is the remainder when 227 is divided by 19?
18
Calculate the remainder when 219 is divided by 118.
101
What is the remainder when 2436 is divided by 100?
36
What is the remainder when 271 is divided by 85?
16
What is the remainder when 727 is divided by 122?
117
What is the remainder when 5794 is divid